n f is divided by u.
0
Let k(p) = p**2 + 11*p + 15. Let o(n) = 5*n**2 - 2*n**2 - n + 1 + 3*n**3 - 6*n**3. Let r be o(2). Calculate the remainder when k(r) is divided by 14.
13
Let i = -140 - -227. Let l = i + -77. What is the remainder when 12 is divided by l?
2
Suppose 4*n + 4*q - 120 = 0, -2*n + 3*q = -2*q - 25. Let k be (220/7)/5 - 2/7. Suppose -496 = -k*p + 2*p. Calculate the remainder when p is divided by n.
24
Let c(f) = f**3 + 6*f**2 + 6*f - 11. Let i be c(-7). Let y = -63 - i. Calculate the remainder when 153 is divided by y.
36
Let q = 499 + -397. Calculate the remainder when 203 is divided by q.
101
Suppose -11*m + 882 - 761 = 0. Suppose -7 = -3*u - 5*y - 1, -4*y = 4*u - 8. What is the remainder when ((-62)/(-4))/(u/4) is divided by m?
9
Suppose -1665 = -13*u - 573. Calculate the remainder when u is divided by 17.
16
Let z(j) = -j**3 - 13*j**2 - 41*j + 9. What is the remainder when 140 is divided by z(-6)?
2
Let f(n) = -8*n - 242. What is the remainder when (-1 - -11)/(2/8) is divided by f(-33)?
18
Let x be (-51 - 13)*3/(-4). Suppose -2*p - 28 = -2*h, h + 2*h + 3*p = x. Calculate the remainder when 42 is divided by h.
12
Let t = -334 - -349. Calculate the remainder when 386 is divided by t.
11
Calculate the remainder when 1*-327*(-3 - (-21)/9) is divided by 10.
8
Calculate the remainder when 868 is divided by 26595/459 - (-3)/51.
56
Let r = -56 - -114. Calculate the remainder when r is divided by 23.
12
Suppose 5*t - 2*r - 151 = 0, 4*r - 11 = -t + 6. Suppose 4*p = -2*c + 32 + 20, 3*p = -c + t. What is the remainder when 38 is divided by c?
18
Calculate the remainder when 61 is divided by ((-506)/(-69))/((-1)/(-3)).
17
Suppose 0 = -3*i - i + 12. Let r be 2 + (6 - (i - 0)). Suppose -5*b = r - 60. What is the remainder when 43 is divided by b?
10
Suppose d + 28 = -3*o, 2*o = 7*o - 4*d + 41. Calculate the remainder when 37 is divided by 5/45 - 197/o.
15
Suppose -4 = -q - 5. Let n be (0 + (q - 0))*-1. Calculate the remainder when 30 is divided by 16/((-6)/(-2 - n)).
6
Suppose 4*d - 5*z = -z + 564, -2*d - 5*z + 254 = 0. Calculate the remainder when d is divided by 4/(-8) - (-94)/4.
22
What is the remainder when 328*(44/(-8) - -6) is divided by 56?
52
Suppose 4*i - 8 = -2*r, -5*i + 4 = 6*r - 2*r. Suppose i*g = 272 + 332. Calculate the remainder when g is divided by 14.
11
Let q(h) = 12*h**2 - h. Let w be q(-1). Suppose 0 = -4*f + 11 + w. Let v = 24 - 20. Calculate the remainder when f is divided by v.
2
Let m = -202 - -226. Calculate the remainder when m is divided by 5.
4
Suppose 0 = 5*r - 10, -r = 3*b - 3*r - 503. Suppose 4*i - 5*i = -q - 37, -b = -5*i + q. What is the remainder when i is divided by ((-68)/(-8))/(2/4)?
16
Suppose -3*j + 25 = -4*o, j - 5*j = 5*o + 8. Suppose j*c + 76 = -2*m, m + 2 = -c - 25. Let b = c - -34. Calculate the remainder when 34 is divided by b.
10
Let s = -42 + 70. Suppose 30*w - 42 = s*w. What is the remainder when 39 is divided by w?
18
Suppose 0 = -z - 2*z + 5*o + 36, -z - o = -4. Suppose 4 - z = -u. Suppose -87 = -3*s - u*q, 3*s + 2*q - 24 = 65. What is the remainder when 92 is divided by s?
30
Let t be (-2)/9 - (-16)/72. Suppose t*i = 2*i - 24. What is the remainder when 1/4 - 278/(-8) is divided by i?
11
Suppose -6*x + 106 = 3*s - 2*x, 0 = 5*s + 3*x - 195. Calculate the remainder when 121 is divided by s.
37
Let c = -867 - -904. Calculate the remainder when 124 is divided by c.
13
Let n = 22 - -2. Let x = -21 + n. Suppose 7*a - 85 = 4*a + 5*k, -x*k = -a + 35. Calculate the remainder when 77 is divided by a.
17
Calculate the remainder when 148*((-8)/(-40) + 2/40) is divided by (60/(-9))/(2/(-6)).
17
What is the remainder when 15*(-2)/(-8)*(13 + -9) is divided by 9?
6
Let q = -1 - -7. Suppose 2*f = q + 2. Suppose f*d + l - 11 = 0, -2 = d + 4*l - 16. What is the remainder when d is divided by 2?
0
Suppose -8*j + 13*j = 2*a - 53, -4*j - 48 = -2*a. Let y(u) = 26*u**3 + 2*u**2 - 1. Calculate the remainder when y(1) is divided by a.
13
Let s be -7 + (0 - -1)*2. Let x be 8/2 - (-8 - s). Let p = x + 1. What is the remainder when 14 is divided by p?
6
Let t(m) be the first derivative of m**3/3 + 2*m**2 - 4*m + 4. Calculate the remainder when (6/(-18))/(1/(-42)) is divided by t(-6).
6
Let h be (-2)/(2 - (2 - -1)). Suppose -z + 4*i = -33, 5*z - h*i = i + 97. Let t = 46 - z. What is the remainder when t is divided by 16?
13
Let i = 115 - 80. What is the remainder when 35 is divided by 5/20 + i/4?
8
Let q(x) = -21*x**3 - 3*x**2 + x + 2. What is the remainder when 4 + -5 - (-54 + -1) is divided by q(-1)?
16
Let k(t) = t**3 + 9*t**2 + 8*t + 6. Let o be k(-8). Suppose -2 = p + a - o*a, -5*p + 120 = a. What is the remainder when p is divided by 8?
7
Suppose 0 = -5*c + 5, 4*o + 3*c + 354 = 5*o. Suppose 0 = -6*x + 315 + o. What is the remainder when x is divided by 39?
34
Suppose -9*n + 12*n - 707 = -5*h, 1203 = 5*n - 4*h. What is the remainder when n is divided by 76?
11
Let n = -33 - -43. Suppose -6*b = -n*b + 68. Suppose -116 = -2*i + 5*a, -2*i - a + 106 - 14 = 0. What is the remainder when i is divided by b?
14
Let n = 333 - 210. Calculate the remainder when n is divided by 7.
4
Let o(t) = 7*t. Let q(u) = -3*u - 21. Let s be q(-9). What is the remainder when o(s) is divided by 15?
12
Let v be (4/(-3))/(-4)*(31 - 4). Suppose 0 = -v*f + 24*f - 270. What is the remainder when 177 is divided by f?
15
Let l = 1043 - 1036. Calculate the remainder when 437 is divided by l.
3
Suppose i = 0, -a + 11 = -i + 2. Suppose 5*k + 15 - 5 = 0, -70 = -4*z - 5*k. Suppose -8*v + z = -3*v. What is the remainder when a is divided by v?
1
Suppose 11*f - 17*f + 108 = 0. Calculate the remainder when 83 is divided by f.
11
Calculate the remainder when 66 is divided by (1 + (-20)/(-6))/((-9)/(-27)).
1
Suppose 3*p = 150 - 30. What is the remainder when p is divided by 2/11 + 7410/627?
4
Let x(m) = -m - 9. Let r be x(0). Let q(j) = -9*j - 11. What is the remainder when q(r) is divided by 12?
10
Suppose 0 = 3*k - 9, 2*z = -5*k + 12 + 45. What is the remainder when 116 is divided by z?
11
Let h be (-8 + (-12)/(-3))/(-2). Suppose -2*b - 5*i = 8, 0 = h*b - 4*i - 28 - 0. Suppose -6*t + 5*t + b = 0. What is the remainder when 28 is divided by t?
4
What is the remainder when 2/(-2 - 384/(-184)) is divided by 2?
1
Suppose 6*x - 30 = 4*x. Let u = 32 - -3. Suppose 4*z + c = 225, 240 + u = 5*z - 5*c. Calculate the remainder when z is divided by x.
11
Suppose 0 = 4*x - 3*s - 13, -7*x - 4*s = -2*x + 7. Calculate the remainder when 107 is divided by (2 - (x + -2)) + (-17 - -41).
26
Let l = 48 - 22. Let z = -13 + 27. Calculate the remainder when -3*l/(2/(-1)) is divided by z.
11
Let m = 929 - 926. What is the remainder when 5 is divided by m?
2
Let s(u) = -u**3 + 17*u**2 + 11*u - 173. What is the remainder when (0 - 0) + 41/1 is divided by s(17)?
13
Suppose 5*q = -k + 83, -10*k + 3*q = -13*k + 249. Calculate the remainder when k is divided by 43.
40
What is the remainder when 334 is divided by 3*-141*(22/18)/(-11)?
5
Let m(g) = 43*g**2 + g + 2. Let w be m(2). Suppose 0 = 4*y + 5*b - b - w, y - 24 = 3*b. Calculate the remainder when 116 is divided by y.
38
Let a(q) = 2*q**3 + 16*q**2 - 5*q - 29. What is the remainder when 184 is divided by a(-8)?
8
Let k = 17 + 53. Suppose 5*s + 5*o = 150, o + k = 2*s - 2*o. Let b = s - 18. Calculate the remainder when 55 is divided by b.
13
Let g(z) = z**3 + 33*z**2 - 109*z - 31. Let s = 25 + -6. What is the remainder when s is divided by g(-36)?
4
Let n(s) = 6*s**2 + s - 3. Let p(q) be the third derivative of q**5/60 + 7*q**4/24 - 2*q**3/3 - 26*q**2. What is the remainder when n(3) is divided by p(-9)?
12
Suppose 3*a + 5*z - 786 = -0*z, -a = -2*z - 273. Calculate the remainder when a is divided by 27.
24
Suppose 38 + 112 = -2*s. Let i = 98 + s. Calculate the remainder when 68 is divided by i.
22
Let a(l) = -l**2 + 5*l + 23. Let x be (-2 + 3)*(0 + -1). Let k = x + 17. Calculate the remainder when k is divided by a(7).
7
Let b(q) = q**2 - 4*q - 24. Let g(c) = 2*c - 1. Let k be g(4). Let v be b(k). Let w(y) = -4*y + 4. What is the remainder when w(v) is divided by 10?
6
Suppose -1 = a, 2*r = 7*r - 3*a - 53. Suppose 7*z = r + 137. What is the remainder when z is divided by 8?
5
Let m(i) = -2*i**2 + 10*i + 3. Let n be m(5). What i